{"id":37,"date":"2019-07-10T07:28:37","date_gmt":"2019-07-10T05:28:37","guid":{"rendered":"http:\/\/bistrogustavsberg.se\/kattholmenbarochkok\/?page_id=37"},"modified":"2019-09-01T20:36:58","modified_gmt":"2019-09-01T18:36:58","slug":"hem","status":"publish","type":"page","link":"http:\/\/bistrogustavsberg.se\/kattholmenbarochkok\/","title":{"rendered":"Hem"},"content":{"rendered":"<p style=\"text-align: center\">.. Nu har b\u00e5tm\u00e4ssan varit.<\/p>\n<p style=\"text-align: center\">S\u00e5 nu \u00e4r det veteranbilsevent kvar &#8211; och det \u00e4r nu p\u00e5 l\u00f6rdag. 7 sept. Vi har \u00f6ppet kl 12-17.<\/p>\n<p style=\"text-align: center\">\n<p style=\"text-align: center\">Tack f\u00f6r denna s\u00e4song- denna popup-satsning fr\u00e5n v\u00e5r sida har varit fantastisk! Vi \u00e4r s\u00e5 glada att s\u00e5 pass m\u00e5nga har hittat hit. Och det blev den opretenti\u00f6sa, varma och v\u00e4lkomnande m\u00f6tesplats som vi \u00f6nskade. \u00a0 Rullstolar, barnvagnar, rullator- hundar och sv\u00e4rm\u00f6drar. Platsen \u00e4r\/var tillg\u00e4nglig f\u00f6r m\u00e5nga och det blev ett vardagsrum-h\u00e4ng utomhus. \u00a0V\u00e4dret var skruttigt till och fr\u00e5n.. men s\u00e5 kan det vara. \u00a0Livemusiken gjorde kv\u00e4llarna helt magiska! \u00a0Solnedg\u00e5ngar s\u00e5 fantastiska &#8211; att i n t e nyttja denna plats p\u00e5 jorden \u00e4r ju fy skam..<\/p>\n<p style=\"text-align: center\">Nu f\u00e5r vi se vad som h\u00e4nder n\u00e4sta sommar. \u00a0Kommunen best\u00e4mmer \ud83d\ude42<\/p>\n<p>F\u00f6lj nyheter, artister, vad som \u00e4r p\u00e5 g\u00e5ng, menyer etc p\u00e5<br \/>\nFacebook; Kattholmen Bar och k\u00f6k<\/p>\n<p>SOMMAREN P\u00c5 BRYGGAN \u00c4R H\u00c4R:<\/p>\n<p>Anna Runberg och Andreas Stenberg v\u00e4lkomnar alla ut till fina Kattholmen i sommar. Gott om sittplatser \u2013 b\u00e5de kaf\u00e9stolar och sk\u00f6na loungegrupper. \u00a0Vi skapar en uteservering men det kommer \u00e4ven finnas platser inomhus i \u201dorangeriet\u201d med sj\u00f6utsikt fr\u00e5n golv till tak.<\/p>\n<p>Kom f\u00f6rbi som du \u00e4r \u2013 h\u00e4r njuter vi av v\u00e4der och vind, aktiviteter (frivilligt \ud83d\ude42) och god, v\u00e4lg\u00f6rande mat och dryck.<\/p>\n<p>Vi har f\u00f6rt\u00e4ring till hela familjen, sm\u00e5tt och gott till barnen ocks\u00e5. Frukost, lunch eller middag. Inga exklusiva trer\u00e4tters, men n\u00e5got f\u00f6r alla. Vegansk, gluten- och laktosfritt finns naturligtvis i standardmenyn.<\/p>\n<p>Kanske toast och fika till barnen \u2013 en kall \u00f6l till pappa och ros\u00e9 till mamma..\u00a0 Vi har \u00e4ven alkoholfria alternativ s\u00e5som juice och smoothies.<\/p>\n<p><em>Unna dig sommarfrukost p\u00e5 l\u00f6rdagarna \u2013 det kommer vara grupptr\u00e4ning kl 11 p\u00e5 bryggan.<br \/>\nNjut av en v\u00e4lg\u00f6rande kv\u00e4llssoppa innan brygg-yogan p\u00e5 onsdagkv\u00e4llar kl 19.<br \/>\nH\u00e5ll om din k\u00e4rlek och dansa bryggdans med dragspel och k\u00e4nda klassiker p\u00e5 l\u00f6rdagar kl 18.<\/em><\/p>\n<p>Mycket h\u00e4nder- kalendarium i sidomenyn, men h\u00e5ll g\u00e4rna utkik p\u00e5 facebook ocks\u00e5.<\/p>\n<ul>\n<li>MINIGOLF och BOULE klart ni ska spela!<br \/>\nH\u00e4r kan ungdomarna sl\u00e4ppa telefonerna och umg\u00e5s gammeldags en stund \ud83d\ude42<br \/>\nEller mor och far f\u00e5r sitta f\u00f6r en pratstund- medan barnen spelar.<br \/>\nF\u00f6r de minsta finns en sandl\u00e5da.<\/li>\n<\/ul>\n<p style=\"text-align: center;font-size: 1.4em\"><em>Kattholmen blir ditt enkla, spontana, opretenti\u00f6sa utflyktsm\u00e5l i sommar<br \/>\nKom f\u00f6rbi p\u00e5 din promenad &#8211; hundar och barn \u2013 gott om plats f\u00f6r alla.<\/em><\/p>\n","protected":false},"excerpt":{"rendered":"<p>.. Nu har b\u00e5tm\u00e4ssan varit. S\u00e5 nu \u00e4r det veteranbilsevent kvar &#8211; och det \u00e4r nu p\u00e5 l\u00f6rdag. 7 sept. Vi har \u00f6ppet kl 12-17. Tack f\u00f6r denna s\u00e4song- denna&#8230;<\/p>\n","protected":false},"author":8,"featured_media":0,"parent":0,"menu_order":0,"comment_status":"closed","ping_status":"closed","template":"template-home.php","meta":{"footnotes":""},"class_list":["post-37","page","type-page","status-publish","hentry"],"yoast_head":"<!-- This site is optimized with the Yoast SEO plugin v27.5 - https:\/\/yoast.com\/product\/yoast-seo-wordpress\/ -->\n<title>Hem - Kattholmen bar och k\u00f6k<\/title>\n<meta name=\"robots\" content=\"index, follow, max-snippet:-1, max-image-preview:large, max-video-preview:-1\" \/>\n<link rel=\"canonical\" href=\"https:\/\/bistrogustavsberg.se\/kattholmenbarochkok\/\" \/>\n<meta property=\"og:locale\" content=\"sv_SE\" \/>\n<meta property=\"og:type\" content=\"article\" \/>\n<meta property=\"og:title\" content=\"Hem - Kattholmen bar och k\u00f6k\" \/>\n<meta property=\"og:description\" content=\".. Nu har b\u00e5tm\u00e4ssan varit. S\u00e5 nu \u00e4r det veteranbilsevent kvar &#8211; och det \u00e4r nu p\u00e5 l\u00f6rdag. 7 sept. Vi har \u00f6ppet kl 12-17. Tack f\u00f6r denna s\u00e4song- denna...\" \/>\n<meta property=\"og:url\" content=\"https:\/\/bistrogustavsberg.se\/kattholmenbarochkok\/\" \/>\n<meta property=\"og:site_name\" content=\"Kattholmen bar och k\u00f6k\" \/>\n<meta property=\"article:modified_time\" content=\"2019-09-01T18:36:58+00:00\" \/>\n<meta name=\"twitter:card\" content=\"summary_large_image\" \/>\n<meta name=\"twitter:label1\" content=\"Ber\u00e4knad l\u00e4stid\" \/>\n\t<meta name=\"twitter:data1\" content=\"2 minuter\" \/>\n<script type=\"application\/ld+json\" class=\"yoast-schema-graph\">{\"@context\":\"https:\\\/\\\/schema.org\",\"@graph\":[{\"@type\":\"WebPage\",\"@id\":\"https:\\\/\\\/bistrogustavsberg.se\\\/kattholmenbarochkok\\\/\",\"url\":\"https:\\\/\\\/bistrogustavsberg.se\\\/kattholmenbarochkok\\\/\",\"name\":\"Hem - Kattholmen bar och k\u00f6k\",\"isPartOf\":{\"@id\":\"https:\\\/\\\/bistrogustavsberg.se\\\/kattholmenbarochkok\\\/#website\"},\"datePublished\":\"2019-07-10T05:28:37+00:00\",\"dateModified\":\"2019-09-01T18:36:58+00:00\",\"breadcrumb\":{\"@id\":\"https:\\\/\\\/bistrogustavsberg.se\\\/kattholmenbarochkok\\\/#breadcrumb\"},\"inLanguage\":\"sv-SE\",\"potentialAction\":[{\"@type\":\"ReadAction\",\"target\":[\"https:\\\/\\\/bistrogustavsberg.se\\\/kattholmenbarochkok\\\/\"]}]},{\"@type\":\"BreadcrumbList\",\"@id\":\"https:\\\/\\\/bistrogustavsberg.se\\\/kattholmenbarochkok\\\/#breadcrumb\",\"itemListElement\":[{\"@type\":\"ListItem\",\"position\":1,\"name\":\"Hem\",\"item\":\"https:\\\/\\\/bistrogustavsberg.se\\\/kattholmenbarochkok\\\/\"},{\"@type\":\"ListItem\",\"position\":2,\"name\":\"Hem\"}]},{\"@type\":\"WebSite\",\"@id\":\"https:\\\/\\\/bistrogustavsberg.se\\\/kattholmenbarochkok\\\/#website\",\"url\":\"https:\\\/\\\/bistrogustavsberg.se\\\/kattholmenbarochkok\\\/\",\"name\":\"Kattholmen bar och k\u00f6k\",\"description\":\"Kattholmen bar och k\u00f6k\",\"publisher\":{\"@id\":\"https:\\\/\\\/bistrogustavsberg.se\\\/kattholmenbarochkok\\\/#organization\"},\"potentialAction\":[{\"@type\":\"SearchAction\",\"target\":{\"@type\":\"EntryPoint\",\"urlTemplate\":\"https:\\\/\\\/bistrogustavsberg.se\\\/kattholmenbarochkok\\\/?s={search_term_string}\"},\"query-input\":{\"@type\":\"PropertyValueSpecification\",\"valueRequired\":true,\"valueName\":\"search_term_string\"}}],\"inLanguage\":\"sv-SE\"},{\"@type\":\"Organization\",\"@id\":\"https:\\\/\\\/bistrogustavsberg.se\\\/kattholmenbarochkok\\\/#organization\",\"name\":\"Kattholmen bar och k\u00f6k\",\"url\":\"https:\\\/\\\/bistrogustavsberg.se\\\/kattholmenbarochkok\\\/\",\"logo\":{\"@type\":\"ImageObject\",\"inLanguage\":\"sv-SE\",\"@id\":\"https:\\\/\\\/bistrogustavsberg.se\\\/kattholmenbarochkok\\\/#\\\/schema\\\/logo\\\/image\\\/\",\"url\":\"http:\\\/\\\/bistrogustavsberg.se\\\/kattholmenbarochkok\\\/wp-content\\\/uploads\\\/sites\\\/2\\\/2019\\\/07\\\/kattholmen_logga.png\",\"contentUrl\":\"http:\\\/\\\/bistrogustavsberg.se\\\/kattholmenbarochkok\\\/wp-content\\\/uploads\\\/sites\\\/2\\\/2019\\\/07\\\/kattholmen_logga.png\",\"width\":915,\"height\":915,\"caption\":\"Kattholmen bar och k\u00f6k\"},\"image\":{\"@id\":\"https:\\\/\\\/bistrogustavsberg.se\\\/kattholmenbarochkok\\\/#\\\/schema\\\/logo\\\/image\\\/\"}}]}<\/script>\n<!-- \/ Yoast SEO plugin. -->","yoast_head_json":{"title":"Hem - Kattholmen bar och k\u00f6k","robots":{"index":"index","follow":"follow","max-snippet":"max-snippet:-1","max-image-preview":"max-image-preview:large","max-video-preview":"max-video-preview:-1"},"canonical":"https:\/\/bistrogustavsberg.se\/kattholmenbarochkok\/","og_locale":"sv_SE","og_type":"article","og_title":"Hem - Kattholmen bar och k\u00f6k","og_description":".. Nu har b\u00e5tm\u00e4ssan varit. S\u00e5 nu \u00e4r det veteranbilsevent kvar &#8211; och det \u00e4r nu p\u00e5 l\u00f6rdag. 7 sept. Vi har \u00f6ppet kl 12-17. Tack f\u00f6r denna s\u00e4song- denna...","og_url":"https:\/\/bistrogustavsberg.se\/kattholmenbarochkok\/","og_site_name":"Kattholmen bar och k\u00f6k","article_modified_time":"2019-09-01T18:36:58+00:00","twitter_card":"summary_large_image","twitter_misc":{"Ber\u00e4knad l\u00e4stid":"2 minuter"},"schema":{"@context":"https:\/\/schema.org","@graph":[{"@type":"WebPage","@id":"https:\/\/bistrogustavsberg.se\/kattholmenbarochkok\/","url":"https:\/\/bistrogustavsberg.se\/kattholmenbarochkok\/","name":"Hem - Kattholmen bar och k\u00f6k","isPartOf":{"@id":"https:\/\/bistrogustavsberg.se\/kattholmenbarochkok\/#website"},"datePublished":"2019-07-10T05:28:37+00:00","dateModified":"2019-09-01T18:36:58+00:00","breadcrumb":{"@id":"https:\/\/bistrogustavsberg.se\/kattholmenbarochkok\/#breadcrumb"},"inLanguage":"sv-SE","potentialAction":[{"@type":"ReadAction","target":["https:\/\/bistrogustavsberg.se\/kattholmenbarochkok\/"]}]},{"@type":"BreadcrumbList","@id":"https:\/\/bistrogustavsberg.se\/kattholmenbarochkok\/#breadcrumb","itemListElement":[{"@type":"ListItem","position":1,"name":"Hem","item":"https:\/\/bistrogustavsberg.se\/kattholmenbarochkok\/"},{"@type":"ListItem","position":2,"name":"Hem"}]},{"@type":"WebSite","@id":"https:\/\/bistrogustavsberg.se\/kattholmenbarochkok\/#website","url":"https:\/\/bistrogustavsberg.se\/kattholmenbarochkok\/","name":"Kattholmen bar och k\u00f6k","description":"Kattholmen bar och k\u00f6k","publisher":{"@id":"https:\/\/bistrogustavsberg.se\/kattholmenbarochkok\/#organization"},"potentialAction":[{"@type":"SearchAction","target":{"@type":"EntryPoint","urlTemplate":"https:\/\/bistrogustavsberg.se\/kattholmenbarochkok\/?s={search_term_string}"},"query-input":{"@type":"PropertyValueSpecification","valueRequired":true,"valueName":"search_term_string"}}],"inLanguage":"sv-SE"},{"@type":"Organization","@id":"https:\/\/bistrogustavsberg.se\/kattholmenbarochkok\/#organization","name":"Kattholmen bar och k\u00f6k","url":"https:\/\/bistrogustavsberg.se\/kattholmenbarochkok\/","logo":{"@type":"ImageObject","inLanguage":"sv-SE","@id":"https:\/\/bistrogustavsberg.se\/kattholmenbarochkok\/#\/schema\/logo\/image\/","url":"http:\/\/bistrogustavsberg.se\/kattholmenbarochkok\/wp-content\/uploads\/sites\/2\/2019\/07\/kattholmen_logga.png","contentUrl":"http:\/\/bistrogustavsberg.se\/kattholmenbarochkok\/wp-content\/uploads\/sites\/2\/2019\/07\/kattholmen_logga.png","width":915,"height":915,"caption":"Kattholmen bar och k\u00f6k"},"image":{"@id":"https:\/\/bistrogustavsberg.se\/kattholmenbarochkok\/#\/schema\/logo\/image\/"}}]}},"_links":{"self":[{"href":"http:\/\/bistrogustavsberg.se\/kattholmenbarochkok\/wp-json\/wp\/v2\/pages\/37","targetHints":{"allow":["GET"]}}],"collection":[{"href":"http:\/\/bistrogustavsberg.se\/kattholmenbarochkok\/wp-json\/wp\/v2\/pages"}],"about":[{"href":"http:\/\/bistrogustavsberg.se\/kattholmenbarochkok\/wp-json\/wp\/v2\/types\/page"}],"author":[{"embeddable":true,"href":"http:\/\/bistrogustavsberg.se\/kattholmenbarochkok\/wp-json\/wp\/v2\/users\/8"}],"replies":[{"embeddable":true,"href":"http:\/\/bistrogustavsberg.se\/kattholmenbarochkok\/wp-json\/wp\/v2\/comments?post=37"}],"version-history":[{"count":10,"href":"http:\/\/bistrogustavsberg.se\/kattholmenbarochkok\/wp-json\/wp\/v2\/pages\/37\/revisions"}],"predecessor-version":[{"id":94,"href":"http:\/\/bistrogustavsberg.se\/kattholmenbarochkok\/wp-json\/wp\/v2\/pages\/37\/revisions\/94"}],"wp:attachment":[{"href":"http:\/\/bistrogustavsberg.se\/kattholmenbarochkok\/wp-json\/wp\/v2\/media?parent=37"}],"curies":[{"name":"wp","href":"https:\/\/api.w.org\/{rel}","templated":true}]}}